{"id":1405,"date":"2021-09-06T16:47:42","date_gmt":"2021-09-06T14:47:42","guid":{"rendered":"https:\/\/www.activ-apotheke.at\/?page_id=1405"},"modified":"2023-11-27T15:10:05","modified_gmt":"2023-11-27T14:10:05","slug":"gogap-metacheck","status":"publish","type":"page","link":"https:\/\/www.activ-apotheke.at\/?page_id=1405","title":{"rendered":"CoGAP MetaCheck"},"content":{"rendered":"\t\t<div data-elementor-type=\"wp-page\" data-elementor-id=\"1405\" class=\"elementor elementor-1405\">\n\t\t\t\t\t\t<section class=\"elementor-section elementor-top-section elementor-element elementor-element-75b7412e elementor-section-full_width elementor-section-height-min-height elementor-hidden-tablet elementor-hidden-mobile elementor-section-height-default elementor-section-items-middle\" data-id=\"75b7412e\" data-element_type=\"section\" data-settings=\"{&quot;background_background&quot;:&quot;classic&quot;}\">\n\t\t\t\t\t\t<div class=\"elementor-container elementor-column-gap-default\">\n\t\t\t\t\t<div class=\"elementor-column elementor-col-100 elementor-top-column elementor-element elementor-element-32f100e\" data-id=\"32f100e\" data-element_type=\"column\">\n\t\t\t<div class=\"elementor-widget-wrap\">\n\t\t\t\t\t\t\t<\/div>\n\t\t<\/div>\n\t\t\t\t\t<\/div>\n\t\t<\/section>\n\t\t\t\t<section class=\"elementor-section elementor-top-section elementor-element elementor-element-359f1801 elementor-section-content-middle elementor-reverse-mobile elementor-section-boxed elementor-section-height-default elementor-section-height-default\" data-id=\"359f1801\" data-element_type=\"section\" data-settings=\"{&quot;background_background&quot;:&quot;classic&quot;}\">\n\t\t\t\t\t\t<div class=\"elementor-container elementor-column-gap-wide\">\n\t\t\t\t\t<div class=\"elementor-column elementor-col-50 elementor-top-column elementor-element elementor-element-18a4c2fd\" data-id=\"18a4c2fd\" data-element_type=\"column\" data-settings=\"{&quot;background_background&quot;:&quot;classic&quot;}\">\n\t\t\t<div class=\"elementor-widget-wrap elementor-element-populated\">\n\t\t\t\t\t\t<div class=\"elementor-element elementor-element-4a269df2 elementor-widget elementor-widget-spacer\" data-id=\"4a269df2\" data-element_type=\"widget\" data-widget_type=\"spacer.default\">\n\t\t\t\t<div class=\"elementor-widget-container\">\n\t\t\t\t\t\t\t<div class=\"elementor-spacer\">\n\t\t\t<div class=\"elementor-spacer-inner\"><\/div>\n\t\t<\/div>\n\t\t\t\t\t\t<\/div>\n\t\t\t\t<\/div>\n\t\t\t\t\t<\/div>\n\t\t<\/div>\n\t\t\t\t<div class=\"elementor-column elementor-col-50 elementor-top-column elementor-element elementor-element-1cdcbb51\" data-id=\"1cdcbb51\" data-element_type=\"column\">\n\t\t\t<div class=\"elementor-widget-wrap elementor-element-populated\">\n\t\t\t\t\t\t<div class=\"elementor-element elementor-element-417eecff elementor-widget elementor-widget-heading\" data-id=\"417eecff\" data-element_type=\"widget\" data-widget_type=\"heading.default\">\n\t\t\t\t<div class=\"elementor-widget-container\">\n\t\t\t\t\t<h2 class=\"elementor-heading-title elementor-size-default\">CoGAP MetaCheck<\/h2>\t\t\t\t<\/div>\n\t\t\t\t<\/div>\n\t\t\t\t<div class=\"elementor-element elementor-element-3f22f667 elementor-widget-divider--view-line elementor-invisible elementor-widget elementor-widget-divider\" data-id=\"3f22f667\" data-element_type=\"widget\" data-settings=\"{&quot;_animation&quot;:&quot;fadeInUp&quot;}\" data-widget_type=\"divider.default\">\n\t\t\t\t<div class=\"elementor-widget-container\">\n\t\t\t\t\t\t\t<div class=\"elementor-divider\">\n\t\t\t<span class=\"elementor-divider-separator\">\n\t\t\t\t\t\t<\/span>\n\t\t<\/div>\n\t\t\t\t\t\t<\/div>\n\t\t\t\t<\/div>\n\t\t\t\t<div class=\"elementor-element elementor-element-72e67570 elementor-widget elementor-widget-text-editor\" data-id=\"72e67570\" data-element_type=\"widget\" data-widget_type=\"text-editor.default\">\n\t\t\t\t<div class=\"elementor-widget-container\">\n\t\t\t\t\t\t\t\t\t<p>Deine DNA \u2014 Deine Di\u00e4t<\/p>\t\t\t\t\t\t\t\t<\/div>\n\t\t\t\t<\/div>\n\t\t\t\t\t<\/div>\n\t\t<\/div>\n\t\t\t\t\t<\/div>\n\t\t<\/section>\n\t\t\t\t<section class=\"elementor-section elementor-top-section elementor-element elementor-element-4968a0b elementor-section-boxed elementor-section-height-default elementor-section-height-default\" data-id=\"4968a0b\" data-element_type=\"section\">\n\t\t\t\t\t\t<div class=\"elementor-container elementor-column-gap-default\">\n\t\t\t\t\t<div class=\"elementor-column elementor-col-100 elementor-top-column elementor-element elementor-element-9e35a26\" data-id=\"9e35a26\" data-element_type=\"column\">\n\t\t\t<div class=\"elementor-widget-wrap elementor-element-populated\">\n\t\t\t\t\t\t<div class=\"elementor-element elementor-element-c296bd7 elementor-widget elementor-widget-text-editor\" data-id=\"c296bd7\" data-element_type=\"widget\" data-widget_type=\"text-editor.default\">\n\t\t\t\t<div class=\"elementor-widget-container\">\n\t\t\t\t\t\t\t\t\t<div class=\"texts__headline--section\"><h2 class=\"texts__headline--section__headline\">Gen-Di\u00e4t MetaCheck<\/h2><\/div><div class=\"layout__content-area\"><p>Jeder Mensch verarbeitet Lebensmittel anders. Patentrezepte zum Abnehmen f\u00fcr Jedermann gibt es deshalb nicht! Das kann auch an der individuellen genetischen Veranlagung des Einzelnen liegen. Im Laufe der Evolution musste sich der Mensch immer wieder an neue Lebensbedingungen anpassen. Dieser Prozess verlief jedoch nicht bei allen Menschen gleich, daher entwickelten sich verschiedene genetische Metabolismus- bzw. Stoffwechsel-Typen. Diese haben wir als sogenannte Meta-Typen definiert. Die Philosophie von CoGAP<sup>\u00ae<\/sup> ist, dass k\u00fcnftig jeder individuell auf nat\u00fcrliche Weise gesund und schnell abnehmen kann. Wir entwickeln die individuelle Ern\u00e4hrungsberatung daher st\u00e4ndig weiter. Ihren pers\u00f6nlichen, von uns definierten Meta-Typen ermitteln wir anhand einer Analyse Ihrer Gene, den von unseren Wissenschaftlern entwickelten CoGAP MetaCheck<sup>\u00ae<\/sup>. Wir sind davon \u00fcberzeugt, Ihre Ern\u00e4hrung und sportlichen Aktivit\u00e4ten auf Ihre genetische Veranlagung abstimmen zu k\u00f6nnen.<\/p><\/div>\t\t\t\t\t\t\t\t<\/div>\n\t\t\t\t<\/div>\n\t\t\t\t\t<\/div>\n\t\t<\/div>\n\t\t\t\t\t<\/div>\n\t\t<\/section>\n\t\t\t\t<section class=\"elementor-section elementor-top-section elementor-element elementor-element-718d982 elementor-section-boxed elementor-section-height-default elementor-section-height-default\" data-id=\"718d982\" data-element_type=\"section\">\n\t\t\t\t\t\t<div class=\"elementor-container elementor-column-gap-default\">\n\t\t\t\t\t<div class=\"elementor-column elementor-col-100 elementor-top-column elementor-element elementor-element-74a9088\" data-id=\"74a9088\" data-element_type=\"column\">\n\t\t\t<div class=\"elementor-widget-wrap elementor-element-populated\">\n\t\t\t\t\t\t<div class=\"elementor-element elementor-element-1b317f7 elementor-widget elementor-widget-text-editor\" data-id=\"1b317f7\" data-element_type=\"widget\" data-widget_type=\"text-editor.default\">\n\t\t\t\t<div class=\"elementor-widget-container\">\n\t\t\t\t\t\t\t\t\t<h2>Warum MetaCheck<\/h2><ul><li>Individuell angepasste Ern\u00e4hrungs- und Sportempfehlungen<\/li><li>Langfristige Ern\u00e4hrungsumstellung<\/li><li>Abnehmkonzept basiert auf einer einzigen am Anfang durchgef\u00fchrten Analyse<\/li><li>Umkomplizierter Wangenabstrich gen\u00fcgt<\/li><li>Zugang zum kostenlosen CoGAP<sup>\u00ae<\/sup> Ern\u00e4hrungsportal<\/li><\/ul>\t\t\t\t\t\t\t\t<\/div>\n\t\t\t\t<\/div>\n\t\t\t\t\t<\/div>\n\t\t<\/div>\n\t\t\t\t\t<\/div>\n\t\t<\/section>\n\t\t\t\t<section class=\"elementor-section elementor-top-section elementor-element elementor-element-8776007 elementor-section-boxed elementor-section-height-default elementor-section-height-default\" data-id=\"8776007\" data-element_type=\"section\">\n\t\t\t\t\t\t<div class=\"elementor-container elementor-column-gap-default\">\n\t\t\t\t\t<div class=\"elementor-column elementor-col-100 elementor-top-column elementor-element elementor-element-3f7ef7a\" data-id=\"3f7ef7a\" data-element_type=\"column\">\n\t\t\t<div class=\"elementor-widget-wrap elementor-element-populated\">\n\t\t\t\t\t\t<div class=\"elementor-element elementor-element-fa2d009 elementor-widget elementor-widget-text-editor\" data-id=\"fa2d009\" data-element_type=\"widget\" data-widget_type=\"text-editor.default\">\n\t\t\t\t<div class=\"elementor-widget-container\">\n\t\t\t\t\t\t\t\t\t<p><strong>Sie erhalten:<\/strong><\/p><ul><li>Ihr individuelles MetaCheck Stoffwechsel-Analyseergebnis mit entsprechender umfangreicher Lebensmittelliste<\/li><li>Individuell angepasste Ern\u00e4hrungs- und Sportempfehlungen<\/li><li>Professionelle Beratung unter Ber\u00fccksichtigung Ihrer Ziele und Ihrer Ausgangssituation (z. B. Geschlecht, Alter, Gewicht, Gesundheitszustand etc.)<\/li><li>Unbegrenzter Zugriff auf das CoGAP<sup>\u00ae<\/sup> Ern\u00e4hrungsportal (Rezeptvorschl\u00e4ge und Di\u00e4tpl\u00e4ne passend zu Ihrem Meta-Typ)<\/li><\/ul><p>Es werden ausschlie\u00dflich Ihre Stoffwechselgene in anonymisierter Form analysiert. Diese weisen verschiedene Konstellationen auf, die dann den einzelnen Meta-Typen zugeordnet werden. Sie lassen keine R\u00fcckschl\u00fcsse auf Verwandtschaftsverh\u00e4ltnisse zu. Auch werden keine Aussagen \u00fcber Krankheitsrisiken getroffen. Nachdem die Stoffwechselanalyse im Labor abgeschlossen ist, wird Ihre Probe vernichtet.<\/p>\t\t\t\t\t\t\t\t<\/div>\n\t\t\t\t<\/div>\n\t\t\t\t\t<\/div>\n\t\t<\/div>\n\t\t\t\t\t<\/div>\n\t\t<\/section>\n\t\t\t\t<section class=\"elementor-section elementor-top-section elementor-element elementor-element-c313561 elementor-section-boxed elementor-section-height-default elementor-section-height-default\" data-id=\"c313561\" data-element_type=\"section\">\n\t\t\t\t\t\t<div class=\"elementor-container elementor-column-gap-default\">\n\t\t\t\t\t<div class=\"elementor-column elementor-col-100 elementor-top-column elementor-element elementor-element-960386b\" data-id=\"960386b\" data-element_type=\"column\">\n\t\t\t<div class=\"elementor-widget-wrap elementor-element-populated\">\n\t\t\t\t\t\t<div class=\"elementor-element elementor-element-ceccb25 elementor-widget elementor-widget-text-editor\" data-id=\"ceccb25\" data-element_type=\"widget\" data-widget_type=\"text-editor.default\">\n\t\t\t\t<div class=\"elementor-widget-container\">\n\t\t\t\t\t\t\t\t\t<div class=\"texts__headline--section\"><h2 class=\"texts__headline--section__headline\">Ablauf der MetaCheck Analyse<\/h2><\/div><div class=\"how-it-runs-box1\"><div class=\"how-it-runs-box1__content\"><div class=\"how-it-runs-box1__content__description\"><p>Um festzustellen, welchem von uns definierten Meta-Typen Sie entsprechen, f\u00fchren wir eine genetische Analyse durch.<\/p><p>Der Ablauf der Stoffwechselanalyse MetaCheck sieht wie folgt aus:<\/p><ul><li>Beratung und Abgabe Ihrer Speichelprobe bei Ihrem MetaCheck-Berater.<\/li><li>Versand Ihrer anonymisierten Probe an CoGAP<sup>\u00ae<\/sup>.<\/li><li>Stoffwechselanalyse und \u00dcbermittlung Ihres Ergebnisses an Ihren MetaCheck-Berater.<\/li><li>Beratung und an Sie angepasste Trainings- und Ern\u00e4hrungsempfehlungen (Ihre individuelle Gen-Di\u00e4t).<\/li><\/ul><p>CoGAP<sup>\u00ae<\/sup> hat keinen Zugriff auf Ihre pers\u00f6nlichen Daten. Dies wird durch den Versand Ihrer anonymisierten Probe \u00fcber Ihren MetaCheck-Berater unter strikter Einhaltung des Datenschutzes gew\u00e4hrleistet. Somit k\u00f6nnen Ihre genetischen Daten sowie Ihr Stoffwechsel-Analyseergebnis von CoGAP<sup>\u00ae<\/sup> keiner bestimmten Person zugeordnet werden. Zudem hat Ihr MetaCheck-Berater keinen Zugriff auf Ihre genetischen Rohdaten.<\/p><\/div><\/div><\/div>\t\t\t\t\t\t\t\t<\/div>\n\t\t\t\t<\/div>\n\t\t\t\t\t<\/div>\n\t\t<\/div>\n\t\t\t\t\t<\/div>\n\t\t<\/section>\n\t\t\t\t<section class=\"elementor-section elementor-top-section elementor-element elementor-element-6904804 elementor-section-boxed elementor-section-height-default elementor-section-height-default\" data-id=\"6904804\" data-element_type=\"section\">\n\t\t\t\t\t\t<div class=\"elementor-container elementor-column-gap-default\">\n\t\t\t\t\t<div class=\"elementor-column elementor-col-100 elementor-top-column elementor-element elementor-element-428b6ea\" data-id=\"428b6ea\" data-element_type=\"column\">\n\t\t\t<div class=\"elementor-widget-wrap elementor-element-populated\">\n\t\t\t\t\t\t<div class=\"elementor-element elementor-element-205e70f elementor-widget elementor-widget-text-editor\" data-id=\"205e70f\" data-element_type=\"widget\" data-widget_type=\"text-editor.default\">\n\t\t\t\t<div class=\"elementor-widget-container\">\n\t\t\t\t\t\t\t\t\t<p><a href=\"https:\/\/www.cogap.de\/de\/\" target=\"_blank\" rel=\"noopener\"><strong>Website CoGAP MetaCheck<\/strong><\/a><\/p>\t\t\t\t\t\t\t\t<\/div>\n\t\t\t\t<\/div>\n\t\t\t\t\t<\/div>\n\t\t<\/div>\n\t\t\t\t\t<\/div>\n\t\t<\/section>\n\t\t\t\t<\/div>\n\t\t","protected":false},"excerpt":{"rendered":"<p>CoGAP MetaCheck Deine DNA \u2014 Deine Di\u00e4t Gen-Di\u00e4t MetaCheck Jeder Mensch verarbeitet Lebensmittel anders. Patentrezepte zum Abnehmen f\u00fcr Jedermann gibt es deshalb nicht! Das kann auch an der individuellen genetischen Veranlagung des Einzelnen liegen. Im Laufe der Evolution musste sich der Mensch immer wieder an neue Lebensbedingungen anpassen. Dieser Prozess verlief jedoch nicht bei allen [&hellip;]<\/p>\n","protected":false},"author":1,"featured_media":0,"parent":209,"menu_order":0,"comment_status":"closed","ping_status":"closed","template":"","meta":{"ocean_post_layout":"full-screen","ocean_both_sidebars_style":"","ocean_both_sidebars_content_width":0,"ocean_both_sidebars_sidebars_width":0,"ocean_sidebar":"0","ocean_second_sidebar":"0","ocean_disable_margins":"enable","ocean_add_body_class":"","ocean_shortcode_before_top_bar":"","ocean_shortcode_after_top_bar":"","ocean_shortcode_before_header":"","ocean_shortcode_after_header":"","ocean_has_shortcode":"","ocean_shortcode_after_title":"","ocean_shortcode_before_footer_widgets":"","ocean_shortcode_after_footer_widgets":"","ocean_shortcode_before_footer_bottom":"","ocean_shortcode_after_footer_bottom":"","ocean_display_top_bar":"off","ocean_display_header":"default","ocean_header_style":"","ocean_center_header_left_menu":"0","ocean_custom_header_template":"0","ocean_custom_logo":0,"ocean_custom_retina_logo":0,"ocean_custom_logo_max_width":0,"ocean_custom_logo_tablet_max_width":0,"ocean_custom_logo_mobile_max_width":0,"ocean_custom_logo_max_height":0,"ocean_custom_logo_tablet_max_height":0,"ocean_custom_logo_mobile_max_height":0,"ocean_header_custom_menu":"0","ocean_menu_typo_font_family":"0","ocean_menu_typo_font_subset":"","ocean_menu_typo_font_size":0,"ocean_menu_typo_font_size_tablet":0,"ocean_menu_typo_font_size_mobile":0,"ocean_menu_typo_font_size_unit":"px","ocean_menu_typo_font_weight":"","ocean_menu_typo_font_weight_tablet":"","ocean_menu_typo_font_weight_mobile":"","ocean_menu_typo_transform":"","ocean_menu_typo_transform_tablet":"","ocean_menu_typo_transform_mobile":"","ocean_menu_typo_line_height":0,"ocean_menu_typo_line_height_tablet":0,"ocean_menu_typo_line_height_mobile":0,"ocean_menu_typo_line_height_unit":"","ocean_menu_typo_spacing":0,"ocean_menu_typo_spacing_tablet":0,"ocean_menu_typo_spacing_mobile":0,"ocean_menu_typo_spacing_unit":"","ocean_menu_link_color":"","ocean_menu_link_color_hover":"","ocean_menu_link_color_active":"","ocean_menu_link_background":"","ocean_menu_link_hover_background":"","ocean_menu_link_active_background":"","ocean_menu_social_links_bg":"","ocean_menu_social_hover_links_bg":"","ocean_menu_social_links_color":"","ocean_menu_social_hover_links_color":"","ocean_disable_title":"on","ocean_disable_heading":"default","ocean_post_title":"","ocean_post_subheading":"","ocean_post_title_style":"","ocean_post_title_background_color":"","ocean_post_title_background":0,"ocean_post_title_bg_image_position":"","ocean_post_title_bg_image_attachment":"","ocean_post_title_bg_image_repeat":"","ocean_post_title_bg_image_size":"","ocean_post_title_height":0,"ocean_post_title_bg_overlay":0.5,"ocean_post_title_bg_overlay_color":"","ocean_disable_breadcrumbs":"default","ocean_breadcrumbs_color":"","ocean_breadcrumbs_separator_color":"","ocean_breadcrumbs_links_color":"","ocean_breadcrumbs_links_hover_color":"","ocean_display_footer_widgets":"default","ocean_display_footer_bottom":"default","ocean_custom_footer_template":"0","footnotes":""},"class_list":["post-1405","page","type-page","status-publish","hentry","entry"],"_links":{"self":[{"href":"https:\/\/www.activ-apotheke.at\/index.php?rest_route=\/wp\/v2\/pages\/1405","targetHints":{"allow":["GET"]}}],"collection":[{"href":"https:\/\/www.activ-apotheke.at\/index.php?rest_route=\/wp\/v2\/pages"}],"about":[{"href":"https:\/\/www.activ-apotheke.at\/index.php?rest_route=\/wp\/v2\/types\/page"}],"author":[{"embeddable":true,"href":"https:\/\/www.activ-apotheke.at\/index.php?rest_route=\/wp\/v2\/users\/1"}],"replies":[{"embeddable":true,"href":"https:\/\/www.activ-apotheke.at\/index.php?rest_route=%2Fwp%2Fv2%2Fcomments&post=1405"}],"version-history":[{"count":47,"href":"https:\/\/www.activ-apotheke.at\/index.php?rest_route=\/wp\/v2\/pages\/1405\/revisions"}],"predecessor-version":[{"id":3338,"href":"https:\/\/www.activ-apotheke.at\/index.php?rest_route=\/wp\/v2\/pages\/1405\/revisions\/3338"}],"up":[{"embeddable":true,"href":"https:\/\/www.activ-apotheke.at\/index.php?rest_route=\/wp\/v2\/pages\/209"}],"wp:attachment":[{"href":"https:\/\/www.activ-apotheke.at\/index.php?rest_route=%2Fwp%2Fv2%2Fmedia&parent=1405"}],"curies":[{"name":"wp","href":"https:\/\/api.w.org\/{rel}","templated":true}]}}