{"id":388,"date":"2021-06-14T15:24:10","date_gmt":"2021-06-14T13:24:10","guid":{"rendered":"https:\/\/www.activ-apotheke.at\/?page_id=388"},"modified":"2024-01-01T11:25:27","modified_gmt":"2024-01-01T10:25:27","slug":"impressum","status":"publish","type":"page","link":"https:\/\/www.activ-apotheke.at\/?page_id=388","title":{"rendered":"Impressum"},"content":{"rendered":"\t\t<div data-elementor-type=\"wp-page\" data-elementor-id=\"388\" class=\"elementor elementor-388\">\n\t\t\t\t\t\t<section class=\"elementor-section elementor-top-section elementor-element elementor-element-14cd7546 elementor-section-full_width elementor-section-height-min-height elementor-hidden-tablet elementor-hidden-mobile elementor-section-height-default elementor-section-items-middle\" data-id=\"14cd7546\" data-element_type=\"section\" data-settings=\"{&quot;background_background&quot;:&quot;classic&quot;}\">\n\t\t\t\t\t\t<div class=\"elementor-container elementor-column-gap-default\">\n\t\t\t\t\t<div class=\"elementor-column elementor-col-100 elementor-top-column elementor-element elementor-element-7b4f4bfd\" data-id=\"7b4f4bfd\" data-element_type=\"column\">\n\t\t\t<div class=\"elementor-widget-wrap\">\n\t\t\t\t\t\t\t<\/div>\n\t\t<\/div>\n\t\t\t\t\t<\/div>\n\t\t<\/section>\n\t\t\t\t<section class=\"elementor-section elementor-inner-section elementor-element elementor-element-18e6fb2b elementor-section-boxed elementor-section-height-default elementor-section-height-default\" data-id=\"18e6fb2b\" data-element_type=\"section\" data-settings=\"{&quot;background_background&quot;:&quot;classic&quot;}\">\n\t\t\t\t\t\t<div class=\"elementor-container elementor-column-gap-default\">\n\t\t\t\t\t<div class=\"elementor-column elementor-col-33 elementor-inner-column elementor-element elementor-element-12d16546 elementor-hidden-tablet elementor-hidden-mobile\" data-id=\"12d16546\" data-element_type=\"column\">\n\t\t\t<div class=\"elementor-widget-wrap\">\n\t\t\t\t\t\t\t<\/div>\n\t\t<\/div>\n\t\t\t\t<div class=\"elementor-column elementor-col-33 elementor-inner-column elementor-element elementor-element-9e7588\" data-id=\"9e7588\" data-element_type=\"column\">\n\t\t\t<div class=\"elementor-widget-wrap elementor-element-populated\">\n\t\t\t\t\t\t<div class=\"elementor-element elementor-element-61167755 elementor-widget elementor-widget-heading\" data-id=\"61167755\" data-element_type=\"widget\" data-widget_type=\"heading.default\">\n\t\t\t\t<div class=\"elementor-widget-container\">\n\t\t\t\t\t<h2 class=\"elementor-heading-title elementor-size-default\">[ Impressum ]<\/h2>\t\t\t\t<\/div>\n\t\t\t\t<\/div>\n\t\t\t\t\t<\/div>\n\t\t<\/div>\n\t\t\t\t<div class=\"elementor-column elementor-col-33 elementor-inner-column elementor-element elementor-element-5fbbefdd elementor-hidden-tablet elementor-hidden-mobile\" data-id=\"5fbbefdd\" data-element_type=\"column\">\n\t\t\t<div class=\"elementor-widget-wrap\">\n\t\t\t\t\t\t\t<\/div>\n\t\t<\/div>\n\t\t\t\t\t<\/div>\n\t\t<\/section>\n\t\t\t\t<section class=\"elementor-section elementor-top-section elementor-element elementor-element-43ebd9b elementor-section-boxed elementor-section-height-default elementor-section-height-default\" data-id=\"43ebd9b\" data-element_type=\"section\" data-settings=\"{&quot;background_background&quot;:&quot;classic&quot;}\">\n\t\t\t\t\t\t<div class=\"elementor-container elementor-column-gap-default\">\n\t\t\t\t\t<div class=\"elementor-column elementor-col-100 elementor-top-column elementor-element elementor-element-46dcc79\" data-id=\"46dcc79\" data-element_type=\"column\">\n\t\t\t<div class=\"elementor-widget-wrap elementor-element-populated\">\n\t\t\t\t\t\t<div class=\"elementor-element elementor-element-a8ffcf7 elementor-widget elementor-widget-text-editor\" data-id=\"a8ffcf7\" data-element_type=\"widget\" data-widget_type=\"text-editor.default\">\n\t\t\t\t<div class=\"elementor-widget-container\">\n\t\t\t\t\t\t\t\t\t<h3 id=\"parent-fieldname-description\" class=\"documentDescription\"><strong>Activ Apotheke Tribuswinkel<\/strong><\/h3><div class=\"documentDescription\">Mag. pharm. Dr. Claudia Heinrich-Pretterklieber KG<\/div><div id=\"content-core\"><div id=\"parent-fieldname-text-a8a69146cb1d44a4b6a022a4934507d0\" class=\"\"><p>Pfarrgasse 11<br \/>2512 Tribuswinkel<br \/>Tel.: +43 (0)2252-855 38<br \/>EMail: office@apotheketribuswinkel.at<\/p><p><strong>F\u00fcr den Inhalt verantwortlich<br \/><\/strong>Mag. pharm. Dr. Claudia Heinrich-Pretterklieber<\/p><\/div><\/div>\t\t\t\t\t\t\t\t<\/div>\n\t\t\t\t<\/div>\n\t\t\t\t\t<\/div>\n\t\t<\/div>\n\t\t\t\t\t<\/div>\n\t\t<\/section>\n\t\t\t\t<section class=\"elementor-section elementor-top-section elementor-element elementor-element-35c95f0 elementor-section-boxed elementor-section-height-default elementor-section-height-default\" data-id=\"35c95f0\" data-element_type=\"section\">\n\t\t\t\t\t\t<div class=\"elementor-container elementor-column-gap-default\">\n\t\t\t\t\t<div class=\"elementor-column elementor-col-100 elementor-top-column elementor-element elementor-element-0dc0098\" data-id=\"0dc0098\" data-element_type=\"column\">\n\t\t\t<div class=\"elementor-widget-wrap elementor-element-populated\">\n\t\t\t\t\t\t<div class=\"elementor-element elementor-element-756902a elementor-widget elementor-widget-text-editor\" data-id=\"756902a\" data-element_type=\"widget\" data-widget_type=\"text-editor.default\">\n\t\t\t\t<div class=\"elementor-widget-container\">\n\t\t\t\t\t\t\t\t\t<h3><strong>Informationen lt. ECG<\/strong><\/h3><p><strong>UID-Nummer:<\/strong> ATU 64114988<br \/><strong>Firmenbuchnummer:<\/strong> FN 309284W<br \/><strong>Firmenbuchgericht:<\/strong> Handelsgericht Wr. Neustadt<\/p><h3><strong>Bankverbindung<\/strong><\/h3><p>Sparkasse Wr. Neustadt<br \/>IBAN: AT28 2026 7020 0005 8467<br \/>BIC\/SWIFT: WINSATWNXXX<\/p>\t\t\t\t\t\t\t\t<\/div>\n\t\t\t\t<\/div>\n\t\t\t\t\t<\/div>\n\t\t<\/div>\n\t\t\t\t\t<\/div>\n\t\t<\/section>\n\t\t\t\t<section class=\"elementor-section elementor-top-section elementor-element elementor-element-b7aa366 elementor-section-boxed elementor-section-height-default elementor-section-height-default\" data-id=\"b7aa366\" data-element_type=\"section\">\n\t\t\t\t\t\t<div class=\"elementor-container elementor-column-gap-default\">\n\t\t\t\t\t<div class=\"elementor-column elementor-col-100 elementor-top-column elementor-element elementor-element-868ec11\" data-id=\"868ec11\" data-element_type=\"column\">\n\t\t\t<div class=\"elementor-widget-wrap elementor-element-populated\">\n\t\t\t\t\t\t<div class=\"elementor-element elementor-element-85f7ef8 elementor-widget elementor-widget-text-editor\" data-id=\"85f7ef8\" data-element_type=\"widget\" data-widget_type=\"text-editor.default\">\n\t\t\t\t<div class=\"elementor-widget-container\">\n\t\t\t\t\t\t\t\t\t<h3><strong>Zust\u00e4ndige Aufsichtsbeh\u00f6rde<\/strong><\/h3><p>Bundesministerium f\u00fcr Soziales, Gesundheit, Pflege und Konsumentenschutz<\/p><p>Das Unternehmen ist eine \u00f6ffentliche Apotheke nach \u00f6sterreichischem Apothekengesetz. Sein Leiter ist Mitglied der \u00d6sterreichischen Apothekerkammer.<br \/>Berufsrechtliche Vorschrift: Apothekengesetz.<br \/>Weitere Informationen finden Sie auf <a href=\"https:\/\/www.apothekerkammer.at\/\" target=\"_blank\" rel=\"noopener\">www.apothekerkammer.at<\/a> unter der Rubrik Apothekerkammer\/Themenbereiche\/Information der Rechtsabteilung\/Apothekenrelevante Gesetze und Verordnungen.<\/p>\t\t\t\t\t\t\t\t<\/div>\n\t\t\t\t<\/div>\n\t\t\t\t\t<\/div>\n\t\t<\/div>\n\t\t\t\t\t<\/div>\n\t\t<\/section>\n\t\t\t\t<section class=\"elementor-section elementor-top-section elementor-element elementor-element-348f6b8 elementor-section-boxed elementor-section-height-default elementor-section-height-default\" data-id=\"348f6b8\" data-element_type=\"section\">\n\t\t\t\t\t\t<div class=\"elementor-container elementor-column-gap-default\">\n\t\t\t\t\t<div class=\"elementor-column elementor-col-100 elementor-top-column elementor-element elementor-element-02530b3\" data-id=\"02530b3\" data-element_type=\"column\">\n\t\t\t<div class=\"elementor-widget-wrap elementor-element-populated\">\n\t\t\t\t\t\t<div class=\"elementor-element elementor-element-8f90e21 elementor-widget elementor-widget-text-editor\" data-id=\"8f90e21\" data-element_type=\"widget\" data-widget_type=\"text-editor.default\">\n\t\t\t\t<div class=\"elementor-widget-container\">\n\t\t\t\t\t\t\t\t\t<h3><strong>Vorschriften zur Berufsaus\u00fcbung<\/strong><\/h3><ul><li><a href=\"https:\/\/www.ris.bka.gv.at\/GeltendeFassung.wxe?Abfrage=Bundesnormen&amp;Gesetzesnummer=10010169\" target=\"_blank\" rel=\"noopener\">Gesetz vom 18. Dezember 1906, betreffend die Regelung des Apothekenwesens (Apothekengesetz).<\/a><\/li><li><a href=\"https:\/\/www.ris.bka.gv.at\/GeltendeFassung.wxe?Abfrage=Bundesnormen&amp;Gesetzesnummer=10010306\" target=\"_blank\" rel=\"noopener\">https:\/\/www.ris.bka.gv.at\/GeltendeFassung.wxe?Abfrage=Bundesnormen&amp;Gesetzesnummer=10010207<\/a><\/li><li><a href=\"https:\/\/www.ris.bka.gv.at\/GeltendeFassung.wxe?Abfrage=Bundesnormen&amp;Gesetzesnummer=10010207\" target=\"_blank\" rel=\"noopener\">Verordnung des Bundesministers f\u00fcr soziale Verwaltung vom 31. J\u00e4nner 1930, BGBl. Nr. 40, \u00fcber die Verwendung des pharmazeutischen Fachpersonals im Betriebe der \u00f6ffentlichen und Anstaltsapotheken, ferner die fachliche Ausbildung und Fachpr\u00fcfung f\u00fcr den Apothekerberuf (Pharmazeutische Fachkr\u00e4fteverordnung)<\/a><\/li><li><a href=\"https:\/\/www.ris.bka.gv.at\/GeltendeFassung.wxe?Abfrage=Bundesnormen&amp;Gesetzesnummer=20003947\" target=\"_blank\" rel=\"noopener\">Verordnung der Bundesministerin f\u00fcr Gesundheit und Frauen \u00fcber den Betrieb von Apotheken und \u00e4rztlichen und tier\u00e4rztlichen Hausapotheken (Apothekenbetriebsordnung 2005 \u2013 ABO 2005)<\/a><\/li><li><a href=\"https:\/\/www.ris.bka.gv.at\/GeltendeFassung.wxe?Abfrage=Bundesnormen&amp;Gesetzesnummer=10010441\" target=\"_blank\" rel=\"noopener\">Bundesgesetz vom 2. M\u00e4rz 1983 \u00fcber die Herstellung und das Inverkehrbringen von Arzneimitteln (Arzneimittelgesetz \u2013 AMG)<\/a><\/li><\/ul>\t\t\t\t\t\t\t\t<\/div>\n\t\t\t\t<\/div>\n\t\t\t\t\t<\/div>\n\t\t<\/div>\n\t\t\t\t\t<\/div>\n\t\t<\/section>\n\t\t\t\t<section class=\"elementor-section elementor-top-section elementor-element elementor-element-f30b6d2 elementor-section-boxed elementor-section-height-default elementor-section-height-default\" data-id=\"f30b6d2\" data-element_type=\"section\">\n\t\t\t\t\t\t<div class=\"elementor-container elementor-column-gap-default\">\n\t\t\t\t\t<div class=\"elementor-column elementor-col-100 elementor-top-column elementor-element elementor-element-21c3b7c\" data-id=\"21c3b7c\" data-element_type=\"column\">\n\t\t\t<div class=\"elementor-widget-wrap elementor-element-populated\">\n\t\t\t\t\t\t<div class=\"elementor-element elementor-element-a1a240e elementor-widget elementor-widget-text-editor\" data-id=\"a1a240e\" data-element_type=\"widget\" data-widget_type=\"text-editor.default\">\n\t\t\t\t<div class=\"elementor-widget-container\">\n\t\t\t\t\t\t\t\t\t<h3><strong>Bilderrechte<\/strong><\/h3>\n<div>Die auf dieser Website verwendeten Bilder stammen &#8211; so ferne nichts anderes angegeben wurde &#8211; alle von Pixabay (<a href=\"https:\/\/pixabay.com\/service\/license-summary\/\" target=\"_blank\">Content License Summary (pixabay.com)).<\/a><\/div>\t\t\t\t\t\t\t\t<\/div>\n\t\t\t\t<\/div>\n\t\t\t\t\t<\/div>\n\t\t<\/div>\n\t\t\t\t\t<\/div>\n\t\t<\/section>\n\t\t\t\t<\/div>\n\t\t","protected":false},"excerpt":{"rendered":"<p>[ Impressum ] Activ Apotheke Tribuswinkel Mag. pharm. Dr. Claudia Heinrich-Pretterklieber KG Pfarrgasse 112512 TribuswinkelTel.: +43 (0)2252-855 38EMail: office@apotheketribuswinkel.at F\u00fcr den Inhalt verantwortlichMag. pharm. Dr. Claudia Heinrich-Pretterklieber Informationen lt. ECG UID-Nummer: ATU 64114988Firmenbuchnummer: FN 309284WFirmenbuchgericht: Handelsgericht Wr. Neustadt Bankverbindung Sparkasse Wr. NeustadtIBAN: AT28 2026 7020 0005 8467BIC\/SWIFT: WINSATWNXXX Zust\u00e4ndige Aufsichtsbeh\u00f6rde Bundesministerium f\u00fcr Soziales, Gesundheit, Pflege [&hellip;]<\/p>\n","protected":false},"author":1,"featured_media":0,"parent":0,"menu_order":0,"comment_status":"closed","ping_status":"closed","template":"","meta":{"ocean_post_layout":"full-screen","ocean_both_sidebars_style":"","ocean_both_sidebars_content_width":0,"ocean_both_sidebars_sidebars_width":0,"ocean_sidebar":"0","ocean_second_sidebar":"0","ocean_disable_margins":"enable","ocean_add_body_class":"","ocean_shortcode_before_top_bar":"","ocean_shortcode_after_top_bar":"","ocean_shortcode_before_header":"","ocean_shortcode_after_header":"","ocean_has_shortcode":"","ocean_shortcode_after_title":"","ocean_shortcode_before_footer_widgets":"","ocean_shortcode_after_footer_widgets":"","ocean_shortcode_before_footer_bottom":"","ocean_shortcode_after_footer_bottom":"","ocean_display_top_bar":"off","ocean_display_header":"default","ocean_header_style":"","ocean_center_header_left_menu":"0","ocean_custom_header_template":"0","ocean_custom_logo":0,"ocean_custom_retina_logo":0,"ocean_custom_logo_max_width":0,"ocean_custom_logo_tablet_max_width":0,"ocean_custom_logo_mobile_max_width":0,"ocean_custom_logo_max_height":0,"ocean_custom_logo_tablet_max_height":0,"ocean_custom_logo_mobile_max_height":0,"ocean_header_custom_menu":"0","ocean_menu_typo_font_family":"0","ocean_menu_typo_font_subset":"","ocean_menu_typo_font_size":0,"ocean_menu_typo_font_size_tablet":0,"ocean_menu_typo_font_size_mobile":0,"ocean_menu_typo_font_size_unit":"px","ocean_menu_typo_font_weight":"","ocean_menu_typo_font_weight_tablet":"","ocean_menu_typo_font_weight_mobile":"","ocean_menu_typo_transform":"","ocean_menu_typo_transform_tablet":"","ocean_menu_typo_transform_mobile":"","ocean_menu_typo_line_height":0,"ocean_menu_typo_line_height_tablet":0,"ocean_menu_typo_line_height_mobile":0,"ocean_menu_typo_line_height_unit":"","ocean_menu_typo_spacing":0,"ocean_menu_typo_spacing_tablet":0,"ocean_menu_typo_spacing_mobile":0,"ocean_menu_typo_spacing_unit":"","ocean_menu_link_color":"","ocean_menu_link_color_hover":"","ocean_menu_link_color_active":"","ocean_menu_link_background":"","ocean_menu_link_hover_background":"","ocean_menu_link_active_background":"","ocean_menu_social_links_bg":"","ocean_menu_social_hover_links_bg":"","ocean_menu_social_links_color":"","ocean_menu_social_hover_links_color":"","ocean_disable_title":"on","ocean_disable_heading":"on","ocean_post_title":"","ocean_post_subheading":"","ocean_post_title_style":"","ocean_post_title_background_color":"","ocean_post_title_background":0,"ocean_post_title_bg_image_position":"","ocean_post_title_bg_image_attachment":"","ocean_post_title_bg_image_repeat":"","ocean_post_title_bg_image_size":"","ocean_post_title_height":0,"ocean_post_title_bg_overlay":0.5,"ocean_post_title_bg_overlay_color":"","ocean_disable_breadcrumbs":"default","ocean_breadcrumbs_color":"","ocean_breadcrumbs_separator_color":"","ocean_breadcrumbs_links_color":"","ocean_breadcrumbs_links_hover_color":"","ocean_display_footer_widgets":"default","ocean_display_footer_bottom":"default","ocean_custom_footer_template":"0","footnotes":""},"class_list":["post-388","page","type-page","status-publish","hentry","entry"],"_links":{"self":[{"href":"https:\/\/www.activ-apotheke.at\/index.php?rest_route=\/wp\/v2\/pages\/388","targetHints":{"allow":["GET"]}}],"collection":[{"href":"https:\/\/www.activ-apotheke.at\/index.php?rest_route=\/wp\/v2\/pages"}],"about":[{"href":"https:\/\/www.activ-apotheke.at\/index.php?rest_route=\/wp\/v2\/types\/page"}],"author":[{"embeddable":true,"href":"https:\/\/www.activ-apotheke.at\/index.php?rest_route=\/wp\/v2\/users\/1"}],"replies":[{"embeddable":true,"href":"https:\/\/www.activ-apotheke.at\/index.php?rest_route=%2Fwp%2Fv2%2Fcomments&post=388"}],"version-history":[{"count":101,"href":"https:\/\/www.activ-apotheke.at\/index.php?rest_route=\/wp\/v2\/pages\/388\/revisions"}],"predecessor-version":[{"id":3481,"href":"https:\/\/www.activ-apotheke.at\/index.php?rest_route=\/wp\/v2\/pages\/388\/revisions\/3481"}],"wp:attachment":[{"href":"https:\/\/www.activ-apotheke.at\/index.php?rest_route=%2Fwp%2Fv2%2Fmedia&parent=388"}],"curies":[{"name":"wp","href":"https:\/\/api.w.org\/{rel}","templated":true}]}}