{"id":390,"date":"2021-06-14T15:24:35","date_gmt":"2021-06-14T13:24:35","guid":{"rendered":"https:\/\/www.activ-apotheke.at\/?page_id=390"},"modified":"2024-12-29T21:31:47","modified_gmt":"2024-12-29T20:31:47","slug":"datenschutzerklaerung","status":"publish","type":"page","link":"https:\/\/www.activ-apotheke.at\/?page_id=390","title":{"rendered":"Datenschutzerkl\u00e4rung"},"content":{"rendered":"\t\t<div data-elementor-type=\"wp-page\" data-elementor-id=\"390\" class=\"elementor elementor-390\">\n\t\t\t\t\t\t<section class=\"elementor-section elementor-top-section elementor-element elementor-element-919ce4f elementor-section-full_width elementor-section-height-min-height elementor-hidden-tablet elementor-hidden-mobile elementor-section-height-default elementor-section-items-middle\" data-id=\"919ce4f\" data-element_type=\"section\" data-settings=\"{&quot;background_background&quot;:&quot;classic&quot;}\">\n\t\t\t\t\t\t<div class=\"elementor-container elementor-column-gap-default\">\n\t\t\t\t\t<div class=\"elementor-column elementor-col-100 elementor-top-column elementor-element elementor-element-2752a32\" data-id=\"2752a32\" data-element_type=\"column\">\n\t\t\t<div class=\"elementor-widget-wrap\">\n\t\t\t\t\t\t\t<\/div>\n\t\t<\/div>\n\t\t\t\t\t<\/div>\n\t\t<\/section>\n\t\t\t\t<section class=\"elementor-section elementor-inner-section elementor-element elementor-element-540e9aec elementor-section-content-middle elementor-section-boxed elementor-section-height-default elementor-section-height-default\" data-id=\"540e9aec\" data-element_type=\"section\" data-settings=\"{&quot;background_background&quot;:&quot;classic&quot;}\">\n\t\t\t\t\t\t<div class=\"elementor-container elementor-column-gap-default\">\n\t\t\t\t\t<div class=\"elementor-column elementor-col-33 elementor-inner-column elementor-element elementor-element-2e243bb4 elementor-hidden-tablet elementor-hidden-mobile\" data-id=\"2e243bb4\" data-element_type=\"column\">\n\t\t\t<div class=\"elementor-widget-wrap\">\n\t\t\t\t\t\t\t<\/div>\n\t\t<\/div>\n\t\t\t\t<div class=\"elementor-column elementor-col-33 elementor-inner-column elementor-element elementor-element-61cb8b26\" data-id=\"61cb8b26\" data-element_type=\"column\">\n\t\t\t<div class=\"elementor-widget-wrap elementor-element-populated\">\n\t\t\t\t\t\t<div class=\"elementor-element elementor-element-1a7c8dcc elementor-widget elementor-widget-heading\" data-id=\"1a7c8dcc\" data-element_type=\"widget\" data-widget_type=\"heading.default\">\n\t\t\t\t<div class=\"elementor-widget-container\">\n\t\t\t\t\t<h2 class=\"elementor-heading-title elementor-size-default\">[ Datenschutzerkl\u00e4rung ]<\/h2>\t\t\t\t<\/div>\n\t\t\t\t<\/div>\n\t\t\t\t\t<\/div>\n\t\t<\/div>\n\t\t\t\t<div class=\"elementor-column elementor-col-33 elementor-inner-column elementor-element elementor-element-3c03bba6 elementor-hidden-tablet elementor-hidden-mobile\" data-id=\"3c03bba6\" data-element_type=\"column\">\n\t\t\t<div class=\"elementor-widget-wrap\">\n\t\t\t\t\t\t\t<\/div>\n\t\t<\/div>\n\t\t\t\t\t<\/div>\n\t\t<\/section>\n\t\t\t\t<section class=\"elementor-section elementor-top-section elementor-element elementor-element-522609e elementor-section-boxed elementor-section-height-default elementor-section-height-default\" data-id=\"522609e\" data-element_type=\"section\">\n\t\t\t\t\t\t<div class=\"elementor-container elementor-column-gap-default\">\n\t\t\t\t\t<div class=\"elementor-column elementor-col-100 elementor-top-column elementor-element elementor-element-b0d2eda\" data-id=\"b0d2eda\" data-element_type=\"column\">\n\t\t\t<div class=\"elementor-widget-wrap elementor-element-populated\">\n\t\t\t\t\t\t<div class=\"elementor-element elementor-element-510029b elementor-widget elementor-widget-text-editor\" data-id=\"510029b\" data-element_type=\"widget\" data-widget_type=\"text-editor.default\">\n\t\t\t\t<div class=\"elementor-widget-container\">\n\t\t\t\t\t\t\t\t\t<p><strong>Datenschutzerkl\u00e4rung gem\u00e4\u00df Artikel 13 und Artikel 15 DSGVO<\/strong><\/p><p>Die Activ Apotheke Tribuswinkel Mag. pharm. Dr. Claudia Heinrich-Pretterklieber KG, Pfarrgasse 11 in 2512 Tribuswinkel (im folgenden Activ Apotheke genannt) h\u00e4lt sich bei der Speicherung und Verarbeitung Ihrer Daten streng an die Datenschutzgrundverordnung und das Datenschutzgesetz (DVR-Nr.: 4014200).<\/p><p>Alle in dieser Datenschutzerkl\u00e4rung verwendeten personenbezogenen Bezeichnungen gelten gleicherma\u00dfen f\u00fcr Personen sowohl weiblichen als auch m\u00e4nnlichen Geschlechts.<\/p><p>Die nachfolgend angef\u00fchrten Daten unserer Kunden werden grunds\u00e4tzlich auf der Grundlage der \u00a7\u00a7 1 und 10 Apothekenbetriebsordnung 2005 verarbeitet. Verantwortlich f\u00fcr die Verarbeitung ist Frau Mag. pharm. Dr. Claudia Heinrich-Pretterklieber als Konzessionsinhaberin der Apotheke, erreichbar unter den folgenden Kontaktdaten: Activ Apotheke Tribuswinkel, Pfarrgasse 11 in 2512 Tribuswinkel, Tel.: 02252\/85538, Fax: 02252\/85538-50, E-Mail: office@apotheketribuswinkel.at.<\/p><p>F\u00fcr den Fall einer \u00dcbertragung des Apothekenunternehmens werden die nachfolgend angef\u00fchrten Daten und die damit verbundene Verantwortung an den neuen Konzessionsinhaber \u00fcbertragen.<\/p><ul><li>Die <a href=\"https:\/\/www.activ-apotheke.at\/wp-content\/uploads\/2021\/06\/Datenschutzerklaerung_Activ_Apotheke.pdf\" target=\"_blank\" rel=\"noopener\">Datenschutzerkl\u00e4rung zum Download<\/a> (pdf) finden Sie hier.<\/li><li>Die <a href=\"https:\/\/www.activ-apotheke.at\/wp-content\/uploads\/2021\/06\/DSGVO_Einwilligungserklaerung_Kunden.pdf\" target=\"_blank\" rel=\"noopener\">Einverst\u00e4ndniserkl\u00e4rung f\u00fcr Kunden<\/a> k\u00f6nnen Sie hier herunterladen.<\/li><\/ul>\t\t\t\t\t\t\t\t<\/div>\n\t\t\t\t<\/div>\n\t\t\t\t\t<\/div>\n\t\t<\/div>\n\t\t\t\t\t<\/div>\n\t\t<\/section>\n\t\t\t\t<section class=\"elementor-section elementor-top-section elementor-element elementor-element-ed9e626 elementor-section-boxed elementor-section-height-default elementor-section-height-default\" data-id=\"ed9e626\" data-element_type=\"section\">\n\t\t\t\t\t\t<div class=\"elementor-container elementor-column-gap-default\">\n\t\t\t\t\t<div class=\"elementor-column elementor-col-100 elementor-top-column elementor-element elementor-element-be62023\" data-id=\"be62023\" data-element_type=\"column\">\n\t\t\t<div class=\"elementor-widget-wrap elementor-element-populated\">\n\t\t\t\t\t\t<div class=\"elementor-element elementor-element-1d5d6de elementor-widget elementor-widget-text-editor\" data-id=\"1d5d6de\" data-element_type=\"widget\" data-widget_type=\"text-editor.default\">\n\t\t\t\t<div class=\"elementor-widget-container\">\n\t\t\t\t\t\t\t\t\t<p><strong>1) Krankenkassenrezepte<\/strong><\/p><p>Bei Bezug von Arzneimitteln und Medizinprodukten auf \u00e4rztliche Verordnung und Krankenkassenrezept speichern wir das Rezept mit folgenden Angaben:<\/p><ul><li>Rezeptnummer (enth\u00e4lt die Vertragspartnernummer des verschreibenden Arztes)<\/li><li>Sozialversicherungsnummer des Patienten und des Versicherten<\/li><li>Bezeichnung und Nummer der Krankenkasse<\/li><li>Ordnungsgruppe (zB erwerbst\u00e4tig, Pensionist, etc)<\/li><li>Rezeptabgabedatum<\/li><li>Chef\u00e4rztliche Genehmigung<\/li><li>Rezeptgeb\u00fchrenbefreiung<\/li><li>abgegebene Arzneimittel und Medizinprodukte<\/li><li>Rezeptgeb\u00fchren, Taxbetr\u00e4ge, Kostenanteile und Zusatzgeb\u00fchren sowie Abschl\u00e4ge und Selbstbehalte<\/li><\/ul><p>Die Verarbeitung dieser Daten erfolgt insbesondere auf Grundlage von Artikel 9 Abs (2) Punkt h) und Abs (3) Datenschutzgrundverordnung sowie auf Basis der Verpflichtungen, die sich aus \u00a7 7 Abs (1) und (2) des zwischen Hauptverband der \u00f6sterreichischen Sozialversicherungstr\u00e4ger und \u00d6sterreichischer Apothekerkammer abgeschlossenen Apothekergesamtvertrags ergeben.<\/p><p>Der Patient tr\u00e4gt in diesem Fall nur einen Teil der Kosten (Rezeptgeb\u00fchr oder Kostenanteil), die restlichen Kosten f\u00fcr Arzneimittel und Medizinprodukte werden von der gesetzlichen Krankenversicherung des Patienten \u00fcbernommen. Hierf\u00fcr muss die Apotheke der Krankenversicherung elektronisch Rechnung legen.<\/p><p>Die Bereitstellung der genannten Daten ist im Rahmen der elektronischen Rechnungslegung an die Krankenversicherung gem\u00e4\u00df \u00a7 7 Abs (2) des zwischen Hauptverband der \u00f6sterreichischen Sozialversicherungstr\u00e4ger und \u00d6sterreichischer Apothekerkammer abgeschlossenen Apothekergesamtvertrags notwendig. Andernfalls kann die Apotheke die restlichen Kosten der auf Krankenkassenrezept verschriebenen Arzneimittel und Medizinprodukte nicht mit der gesetzlichen Krankenversicherung des Patienten abrechnen. Der Patient kann die verschriebenen Arzneimittel und Medizinprodukte dennoch erhalten, wenn er f\u00fcr die Privatverkaufspreise dieser Produkte selbst aufkommt.<\/p><p>Unsere Aufzeichnungen \u00fcber Gesch\u00e4ftsf\u00e4lle und elektronische Rezeptabrechnungen mit den gesetzlichen Krankenversicherungen, die die genannten Daten enthalten, werden gem\u00e4\u00df der in \u00a7 132 Abs (1) Bundesabgabenordnung geregelten Aufbewahrungsfrist gespeichert (das sind zurzeit die vergangenen sieben Wirtschaftsjahre). Nach Ablauf dieser Aufbewahrungsfrist werden diese Daten automatisch gel\u00f6scht.<\/p><p>\u00dcbt ein Patient sein Recht auf L\u00f6schung aus, so bleiben die Aufzeichnungen \u00fcber Gesch\u00e4ftsf\u00e4lle und elektronische Rezeptabrechnungen mit den gesetzlichen Krankenversicherungen f\u00fcr die in \u00a7 132 Abs (1) Bundesabgabenordnung geregelte Aufbewahrungsfrist erhalten, jedoch wird die Sozialversicherungsnummer des Patienten in diesen Daten anonymisiert. &#8222;Anonymisierung&#8220; bedeutet, dass die Sozialversicherungsnummer des Patienten durch eine randomisierte, ung\u00fcltige Sozialversicherungsnummer ersetzt wird, von der die urspr\u00fcngliche Sozialversicherungsnummer nicht mehr r\u00fcckgerechnet werden kann.<\/p><p>Von dieser Anonymisierung ausgenommen sind die Rezeptabrechnungsdaten, die in die Frist gem\u00e4\u00df Anlage IV \u00a7 13 des zwischen Hauptverband der \u00f6sterreichischen Sozialversicherungstr\u00e4ger und \u00d6sterreichischer Apothekerkammer abgeschlossenen Apothekergesamtvertrags fallen (das sind zurzeit 6 Monate ab Abrechnung eines Rezeptes). D.h. in den Rezeptabrechnungsdaten der vergangenen sechs Monate bleiben die Sozialversicherungsnummern unver\u00e4ndert erhalten.<\/p><p>Im Rahmen der elektronischen Rezeptabrechnung wird die Pharmazeutische Gehaltskasse f\u00fcr \u00d6sterreich, Spitalgasse 31, 1090 Wien (www.gehaltskasse.at) gem\u00e4\u00df \u00a7 7 Abs (1) des zwischen Hauptverband der \u00f6sterreichischen Sozialversicherungstr\u00e4ger und \u00d6sterreichischer Apothekerkammer abgeschlossenen Apothekergesamtvertrags als Clearingstelle zwischen Apotheke und gesetzlicher Krankenversicherung des Patienten zwischengeschaltet. Die Originalrezeptdaten der Apotheke sind seitens der Pharmazeutischen Gehaltskasse f\u00fcr \u00d6sterreich f\u00fcr die Frist gem\u00e4\u00df Anlage IV \u00a7 4 Abs (3) des zwischen Hauptverband der \u00f6sterreichischen Sozialversicherungstr\u00e4ger und \u00d6sterreichischer Apothekerkammer abgeschlossenen Apothekergesamtvertrags aufzubewahren (das sind zurzeit 9 Monate).<\/p>\t\t\t\t\t\t\t\t<\/div>\n\t\t\t\t<\/div>\n\t\t\t\t\t<\/div>\n\t\t<\/div>\n\t\t\t\t\t<\/div>\n\t\t<\/section>\n\t\t\t\t<section class=\"elementor-section elementor-top-section elementor-element elementor-element-e60e793 elementor-section-boxed elementor-section-height-default elementor-section-height-default\" data-id=\"e60e793\" data-element_type=\"section\">\n\t\t\t\t\t\t<div class=\"elementor-container elementor-column-gap-default\">\n\t\t\t\t\t<div class=\"elementor-column elementor-col-100 elementor-top-column elementor-element elementor-element-6dfac3f\" data-id=\"6dfac3f\" data-element_type=\"column\">\n\t\t\t<div class=\"elementor-widget-wrap elementor-element-populated\">\n\t\t\t\t\t\t<div class=\"elementor-element elementor-element-29c24f2 elementor-widget elementor-widget-text-editor\" data-id=\"29c24f2\" data-element_type=\"widget\" data-widget_type=\"text-editor.default\">\n\t\t\t\t<div class=\"elementor-widget-container\">\n\t\t\t\t\t\t\t\t\t<p><strong>2) Lieferschein und Rechnung<\/strong><\/p><p class=\"western\">Bei Zielk\u00e4ufen mittels Rechnungslegung auf Kredit erfassen wir folgende Daten des Kunden:<\/p><ul><li>Name<\/li><li>Titel<\/li><li>Geschlecht<\/li><li>Postanschrift<\/li><li>Telefonnummer<\/li><li>E-Mail-Adresse<\/li><\/ul><p class=\"western\">Die Verarbeitung dieser Daten erfolgt insbesondere auf Grundlage von Artikel 6 Abs (1) Punkt b) Datenschutzgrundverordnung sowie auf Basis der Verpflichtungen, die sich aus \u00a7 11 Umsatzsteuergesetz ergeben.<\/p><p class=\"western\">Unsere Aufzeichnungen \u00fcber Gesch\u00e4ftsf\u00e4lle mittels Rechnungslegung auf Kredit werden gem\u00e4\u00df der in \u00a7\u00a0132 Abs (1) Bundesabgabenordnung geregelten Aufbewahrungsfrist gespeichert (das sind zurzeit die vergangenen sieben Wirtschaftsjahre). Nach Ablauf dieser Aufbewahrungsfrist werden diese Daten automatisch gel\u00f6scht.<\/p><p class=\"western\">Das Recht auf L\u00f6schung findet bei Zielk\u00e4ufen mittels Rechnungslegung keine Anwendung, da die Daten nach Ablauf der gesetzlichen Aufbewahrungsfrist automatisch gel\u00f6scht werden und da eine L\u00f6schung oder Anonymisierung dieser Daten vor Ablauf der gesetzlichen Aufbewahrungsfrist im Widerspruch zu \u00a7 11 Umsatzsteuergesetz und \u00a7 131 Bundesabgabenordnung (&#8222;Radierverbot&#8220;) steht.<\/p><p class=\"western\">Ist ein Kunde nicht willens, die genannten Daten bekannt zu geben und unter den genannten Bedingungen elektronisch verarbeiten zu lassen, so sind Zielk\u00e4ufe mittels Rechnungslegung auf Kredit nicht m\u00f6glich. Der Kunde kann jedoch die gew\u00fcnschten Produkte unter Einhaltung der einschl\u00e4gigen Regelungen zur Rezeptpflicht auf einem anonymen Kassabon beziehen und bar bzw mittels Bankomat- oder Kreditkarte bezahlen.<\/p>\t\t\t\t\t\t\t\t<\/div>\n\t\t\t\t<\/div>\n\t\t\t\t\t<\/div>\n\t\t<\/div>\n\t\t\t\t\t<\/div>\n\t\t<\/section>\n\t\t\t\t<section class=\"elementor-section elementor-top-section elementor-element elementor-element-5176f45 elementor-section-boxed elementor-section-height-default elementor-section-height-default\" data-id=\"5176f45\" data-element_type=\"section\">\n\t\t\t\t\t\t<div class=\"elementor-container elementor-column-gap-default\">\n\t\t\t\t\t<div class=\"elementor-column elementor-col-100 elementor-top-column elementor-element elementor-element-85f717f\" data-id=\"85f717f\" data-element_type=\"column\">\n\t\t\t<div class=\"elementor-widget-wrap elementor-element-populated\">\n\t\t\t\t\t\t<div class=\"elementor-element elementor-element-fc593b9 elementor-widget elementor-widget-text-editor\" data-id=\"fc593b9\" data-element_type=\"widget\" data-widget_type=\"text-editor.default\">\n\t\t\t\t<div class=\"elementor-widget-container\">\n\t\t\t\t\t\t\t\t\t<p class=\"western\"><strong>3) Stammkunden<\/strong><\/p><p class=\"western\">Wir bieten unseren Kunden die F\u00fchrung einer Stammkundendatei an. Voraussetzung f\u00fcr die Aufnahme in unsere Stammkundendatei ist die schriftliche Zustimmung des Kunden auf einer eigenen Einwilligungserkl\u00e4rung. Die Einwilligung zur Aufnahme in unsere Stammkundendatei setzt die Vollj\u00e4hrigkeit und die Gesch\u00e4ftsf\u00e4higkeit des Kunden voraus.<\/p><p class=\"western\">F\u00fcr unsere Stammkunden f\u00fchren wir folgende Aufzeichnungen:<\/p><ul><li>Name<\/li><li>Titel<\/li><li>Geschlecht<\/li><li>Geburtsdatum<\/li><li>Sozialversicherungsnummer<\/li><li>Postanschrift<\/li><li>Telefonnummer<\/li><li>E-Mail-Adresse<\/li><li>die Daten \u00fcber die bei uns get\u00e4tigten Eink\u00e4ufe<\/li><\/ul><p class=\"western\">Die Verarbeitung dieser personenbezogenen Daten erfolgt f\u00fcr folgende Zwecke:<\/p><ul><li>Information \u00fcber die Verf\u00fcgbarkeit bestellter Arzneimittel per Telefon und SMS<\/li><li>Ausdruck von Aufstellungen \u00fcber in unserer Apotheke bezogene Arzneimittel<\/li><li>K\u00fcnftige Zustellung eines elektronischen Newsletters<\/li><li>Ausschlie\u00dfliche Bestellung von Spezialmedikamenten bei Partnerapotheken<\/li><\/ul><p class=\"western\">Die Verarbeitung dieser personenbezogenen Daten erfolgt insbesondere auf Grundlage von Artikel 6 Abs (1) Punkt a) sowie Artikel 9 Abs (2) Punkt a) Datenschutzgrundverordnung.<\/p><p class=\"western\">Unsere Aufzeichnungen \u00fcber Gesch\u00e4ftsf\u00e4lle mit Stammkunden werden gem\u00e4\u00df der in \u00a7\u00a0132 Abs (1) Bundesabgabenordnung geregelten Aufbewahrungsfrist gespeichert (das sind zurzeit die vergangenen sieben Wirtschaftsjahre). Nach Ablauf dieser Aufbewahrungsfrist werden diese Daten automatisch gel\u00f6scht.<\/p><p class=\"western\">Ein Stammkunde wird aus unserer Stammkundendatei automatisch gel\u00f6scht, wenn keine Gesch\u00e4ftsf\u00e4lle mit dem Stammkunden aufgezeichnet sind und wenn die Neuanlage des Stammkunden mehr als drei Jahre zur\u00fcck liegt.<\/p><p class=\"western\">\u00dcbt ein Stammkunde sein Recht auf L\u00f6schung aus, so bleiben die Aufzeichnungen \u00fcber Gesch\u00e4ftsf\u00e4lle f\u00fcr die in \u00a7 132 Abs (1) Bundesabgabenordnung geregelte Aufbewahrungsfrist erhalten, jedoch wird der Stammkunde gel\u00f6scht und die betroffenen Gesch\u00e4ftsf\u00e4lle werden anonymisiert.<\/p><p class=\"western\">Von dieser Anonymisierung ausgenommen sind Lieferscheine und Rechnungen gem\u00e4\u00df Punkt 2) dieser Datenschutzerkl\u00e4rung. Weiters bleiben die Daten gem\u00e4\u00df Punkt 1) dieser Datenschutzerkl\u00e4rung in den Rezeptabrechnungsdaten der vergangenen sechs Monate erhalten.<\/p><p class=\"western\">Es besteht keine gesetzliche oder vertragliche Notwendigkeit, sich in einer Apotheke als Stammkunde f\u00fchren zu lassen, die genannten Daten bekannt zu geben und die f\u00fcr Stammkunden genannten Dienstleistungen in Anspruch zu nehmen. Will ein Kunde nicht als Stammkunde gef\u00fchrt werden, so k\u00f6nnen in Folge lediglich die als Verarbeitungszwecke genannten Dienstleistungen nicht erbracht werden.<\/p>\t\t\t\t\t\t\t\t<\/div>\n\t\t\t\t<\/div>\n\t\t\t\t\t<\/div>\n\t\t<\/div>\n\t\t\t\t\t<\/div>\n\t\t<\/section>\n\t\t\t\t<section class=\"elementor-section elementor-top-section elementor-element elementor-element-af1552c elementor-section-boxed elementor-section-height-default elementor-section-height-default\" data-id=\"af1552c\" data-element_type=\"section\">\n\t\t\t\t\t\t<div class=\"elementor-container elementor-column-gap-default\">\n\t\t\t\t\t<div class=\"elementor-column elementor-col-100 elementor-top-column elementor-element elementor-element-95a7a6c\" data-id=\"95a7a6c\" data-element_type=\"column\">\n\t\t\t<div class=\"elementor-widget-wrap elementor-element-populated\">\n\t\t\t\t\t\t<div class=\"elementor-element elementor-element-86369d7 elementor-widget elementor-widget-text-editor\" data-id=\"86369d7\" data-element_type=\"widget\" data-widget_type=\"text-editor.default\">\n\t\t\t\t<div class=\"elementor-widget-container\">\n\t\t\t\t\t\t\t\t\t<p class=\"western\"><strong>4) Besondere Rechte<\/strong><\/p><p class=\"western\"><strong>Sofern der Kunde eine Einwilligung zur F\u00fchrung in unserer Stammkundendatei gegeben hat, kann er diese jederzeit gem\u00e4\u00df Artikel 21 Datenschutzgrundverordnung mittels Brief an die Activ Apotheke Tribuswinkel, Pfarrgasse 11, 2512 Tribuswinkel oder per E-Mail an office@apotheketribuswinkel.at widerrufen.<\/strong> Ab dem Zeitpunkt des Einlangens des Widerrufs in der Activ Apotheke erfolgen keine weiteren Datenverarbeitungen auf der Grundlage dieser Einwilligungserkl\u00e4rung. Die Rechtm\u00e4\u00dfigkeit der Verarbeitung der Daten des Stammkunden bis zum Einlangen des Widerrufs bleibt davon unber\u00fchrt.<\/p><p class=\"western\">Der Kunde hat das <strong>Recht auf Auskunft<\/strong> gem\u00e4\u00df Artikel 13, 14 und 15 Datenschutzgrundverordnung. Das Recht auf Auskunft umfasst insbesondere die Vorlage dieser Datenschutzerkl\u00e4rung und die Auskunft, ob und welche personenbezogenen Daten des Kunden in unserer Apotheke elektronisch verarbeitet werden. Die Auskunft \u00fcber die personenbezogenen Daten kann wahlweise auf Papier oder elektronisch erfolgen.<\/p><p class=\"western\">Der Kunde hat das <strong>Recht auf Daten\u00fcbertragbarkeit<\/strong> gem\u00e4\u00df Artikel 20 Datenschutzgrundverordnung. Dieses Recht gilt f\u00fcr Lieferscheine und Rechnungen gem\u00e4\u00df Punkt 2) und f\u00fcr Stammkunden gem\u00e4\u00df Punkt 3) dieser Datenschutzerkl\u00e4rung.<\/p><p class=\"western\">Der Kunde hat das <strong>Recht auf Berichtigung<\/strong>, <strong>Einschr\u00e4nkung der Verarbeitung<\/strong> und <strong>L\u00f6schung<\/strong> gem\u00e4\u00df Artikel 16, 17, 18 und 19 Datenschutzgrundverordnung. Die Methode, wie das Recht auf L\u00f6schung in unserer Datenverarbeitung umgesetzt wird, wird in den Punkten 1), 2) und 3) dieser Datenschutzerkl\u00e4rung erkl\u00e4rt.<\/p><p class=\"western\">Der Kunde hat gem\u00e4\u00df Artikel 77 Datenschutzgrundverordnung das <strong>Recht auf Beschwerde<\/strong> bei der \u00d6sterreichischen Datenschutzbeh\u00f6rde, Wickenburggasse 8, 1080 Wien (<a href=\"https:\/\/www.dsb.gv.at\/\" target=\"_blank\" rel=\"noopener\">https:\/\/www.dsb.gv.at\/<\/a>).<\/p>\t\t\t\t\t\t\t\t<\/div>\n\t\t\t\t<\/div>\n\t\t\t\t\t<\/div>\n\t\t<\/div>\n\t\t\t\t\t<\/div>\n\t\t<\/section>\n\t\t\t\t<\/div>\n\t\t","protected":false},"excerpt":{"rendered":"<p>[ Datenschutzerkl\u00e4rung ] Datenschutzerkl\u00e4rung gem\u00e4\u00df Artikel 13 und Artikel 15 DSGVO Die Activ Apotheke Tribuswinkel Mag. pharm. Dr. Claudia Heinrich-Pretterklieber KG, Pfarrgasse 11 in 2512 Tribuswinkel (im folgenden Activ Apotheke genannt) h\u00e4lt sich bei der Speicherung und Verarbeitung Ihrer Daten streng an die Datenschutzgrundverordnung und das Datenschutzgesetz (DVR-Nr.: 4014200). Alle in dieser Datenschutzerkl\u00e4rung verwendeten personenbezogenen [&hellip;]<\/p>\n","protected":false},"author":1,"featured_media":0,"parent":0,"menu_order":0,"comment_status":"closed","ping_status":"closed","template":"","meta":{"ocean_post_layout":"full-screen","ocean_both_sidebars_style":"","ocean_both_sidebars_content_width":0,"ocean_both_sidebars_sidebars_width":0,"ocean_sidebar":"0","ocean_second_sidebar":"0","ocean_disable_margins":"enable","ocean_add_body_class":"","ocean_shortcode_before_top_bar":"","ocean_shortcode_after_top_bar":"","ocean_shortcode_before_header":"","ocean_shortcode_after_header":"","ocean_has_shortcode":"","ocean_shortcode_after_title":"","ocean_shortcode_before_footer_widgets":"","ocean_shortcode_after_footer_widgets":"","ocean_shortcode_before_footer_bottom":"","ocean_shortcode_after_footer_bottom":"","ocean_display_top_bar":"off","ocean_display_header":"default","ocean_header_style":"","ocean_center_header_left_menu":"0","ocean_custom_header_template":"0","ocean_custom_logo":0,"ocean_custom_retina_logo":0,"ocean_custom_logo_max_width":0,"ocean_custom_logo_tablet_max_width":0,"ocean_custom_logo_mobile_max_width":0,"ocean_custom_logo_max_height":0,"ocean_custom_logo_tablet_max_height":0,"ocean_custom_logo_mobile_max_height":0,"ocean_header_custom_menu":"0","ocean_menu_typo_font_family":"0","ocean_menu_typo_font_subset":"","ocean_menu_typo_font_size":0,"ocean_menu_typo_font_size_tablet":0,"ocean_menu_typo_font_size_mobile":0,"ocean_menu_typo_font_size_unit":"px","ocean_menu_typo_font_weight":"","ocean_menu_typo_font_weight_tablet":"","ocean_menu_typo_font_weight_mobile":"","ocean_menu_typo_transform":"","ocean_menu_typo_transform_tablet":"","ocean_menu_typo_transform_mobile":"","ocean_menu_typo_line_height":0,"ocean_menu_typo_line_height_tablet":0,"ocean_menu_typo_line_height_mobile":0,"ocean_menu_typo_line_height_unit":"","ocean_menu_typo_spacing":0,"ocean_menu_typo_spacing_tablet":0,"ocean_menu_typo_spacing_mobile":0,"ocean_menu_typo_spacing_unit":"","ocean_menu_link_color":"","ocean_menu_link_color_hover":"","ocean_menu_link_color_active":"","ocean_menu_link_background":"","ocean_menu_link_hover_background":"","ocean_menu_link_active_background":"","ocean_menu_social_links_bg":"","ocean_menu_social_hover_links_bg":"","ocean_menu_social_links_color":"","ocean_menu_social_hover_links_color":"","ocean_disable_title":"on","ocean_disable_heading":"on","ocean_post_title":"","ocean_post_subheading":"","ocean_post_title_style":"","ocean_post_title_background_color":"","ocean_post_title_background":0,"ocean_post_title_bg_image_position":"","ocean_post_title_bg_image_attachment":"","ocean_post_title_bg_image_repeat":"","ocean_post_title_bg_image_size":"","ocean_post_title_height":0,"ocean_post_title_bg_overlay":0.5,"ocean_post_title_bg_overlay_color":"","ocean_disable_breadcrumbs":"default","ocean_breadcrumbs_color":"","ocean_breadcrumbs_separator_color":"","ocean_breadcrumbs_links_color":"","ocean_breadcrumbs_links_hover_color":"","ocean_display_footer_widgets":"default","ocean_display_footer_bottom":"default","ocean_custom_footer_template":"0","footnotes":""},"class_list":["post-390","page","type-page","status-publish","hentry","entry"],"_links":{"self":[{"href":"https:\/\/www.activ-apotheke.at\/index.php?rest_route=\/wp\/v2\/pages\/390","targetHints":{"allow":["GET"]}}],"collection":[{"href":"https:\/\/www.activ-apotheke.at\/index.php?rest_route=\/wp\/v2\/pages"}],"about":[{"href":"https:\/\/www.activ-apotheke.at\/index.php?rest_route=\/wp\/v2\/types\/page"}],"author":[{"embeddable":true,"href":"https:\/\/www.activ-apotheke.at\/index.php?rest_route=\/wp\/v2\/users\/1"}],"replies":[{"embeddable":true,"href":"https:\/\/www.activ-apotheke.at\/index.php?rest_route=%2Fwp%2Fv2%2Fcomments&post=390"}],"version-history":[{"count":184,"href":"https:\/\/www.activ-apotheke.at\/index.php?rest_route=\/wp\/v2\/pages\/390\/revisions"}],"predecessor-version":[{"id":3781,"href":"https:\/\/www.activ-apotheke.at\/index.php?rest_route=\/wp\/v2\/pages\/390\/revisions\/3781"}],"wp:attachment":[{"href":"https:\/\/www.activ-apotheke.at\/index.php?rest_route=%2Fwp%2Fv2%2Fmedia&parent=390"}],"curies":[{"name":"wp","href":"https:\/\/api.w.org\/{rel}","templated":true}]}}