{"id":392,"date":"2021-06-14T15:24:46","date_gmt":"2021-06-14T13:24:46","guid":{"rendered":"https:\/\/www.activ-apotheke.at\/?page_id=392"},"modified":"2024-01-01T11:23:45","modified_gmt":"2024-01-01T10:23:45","slug":"agb","status":"publish","type":"page","link":"https:\/\/www.activ-apotheke.at\/?page_id=392","title":{"rendered":"AGB"},"content":{"rendered":"\t\t<div data-elementor-type=\"wp-page\" data-elementor-id=\"392\" class=\"elementor elementor-392\">\n\t\t\t\t\t\t<section class=\"elementor-section elementor-top-section elementor-element elementor-element-1b01e741 elementor-section-full_width elementor-section-height-min-height elementor-hidden-tablet elementor-hidden-mobile elementor-section-height-default elementor-section-items-middle\" data-id=\"1b01e741\" data-element_type=\"section\" data-settings=\"{&quot;background_background&quot;:&quot;classic&quot;}\">\n\t\t\t\t\t\t<div class=\"elementor-container elementor-column-gap-default\">\n\t\t\t\t\t<div class=\"elementor-column elementor-col-100 elementor-top-column elementor-element elementor-element-2a43ac54\" data-id=\"2a43ac54\" data-element_type=\"column\">\n\t\t\t<div class=\"elementor-widget-wrap\">\n\t\t\t\t\t\t\t<\/div>\n\t\t<\/div>\n\t\t\t\t\t<\/div>\n\t\t<\/section>\n\t\t\t\t<section class=\"elementor-section elementor-inner-section elementor-element elementor-element-553022aa elementor-section-boxed elementor-section-height-default elementor-section-height-default\" data-id=\"553022aa\" data-element_type=\"section\" data-settings=\"{&quot;background_background&quot;:&quot;classic&quot;}\">\n\t\t\t\t\t\t<div class=\"elementor-container elementor-column-gap-default\">\n\t\t\t\t\t<div class=\"elementor-column elementor-col-33 elementor-inner-column elementor-element elementor-element-776507d1 elementor-hidden-tablet elementor-hidden-mobile\" data-id=\"776507d1\" data-element_type=\"column\">\n\t\t\t<div class=\"elementor-widget-wrap\">\n\t\t\t\t\t\t\t<\/div>\n\t\t<\/div>\n\t\t\t\t<div class=\"elementor-column elementor-col-33 elementor-inner-column elementor-element elementor-element-5c2b8bb2\" data-id=\"5c2b8bb2\" data-element_type=\"column\">\n\t\t\t<div class=\"elementor-widget-wrap elementor-element-populated\">\n\t\t\t\t\t\t<div class=\"elementor-element elementor-element-7b0fb8db elementor-widget elementor-widget-heading\" data-id=\"7b0fb8db\" data-element_type=\"widget\" data-widget_type=\"heading.default\">\n\t\t\t\t<div class=\"elementor-widget-container\">\n\t\t\t\t\t<h2 class=\"elementor-heading-title elementor-size-default\">[ AGB ]<\/h2>\t\t\t\t<\/div>\n\t\t\t\t<\/div>\n\t\t\t\t\t<\/div>\n\t\t<\/div>\n\t\t\t\t<div class=\"elementor-column elementor-col-33 elementor-inner-column elementor-element elementor-element-77301b51 elementor-hidden-tablet elementor-hidden-mobile\" data-id=\"77301b51\" data-element_type=\"column\">\n\t\t\t<div class=\"elementor-widget-wrap\">\n\t\t\t\t\t\t\t<\/div>\n\t\t<\/div>\n\t\t\t\t\t<\/div>\n\t\t<\/section>\n\t\t\t\t<section class=\"elementor-section elementor-top-section elementor-element elementor-element-cc42592 elementor-section-boxed elementor-section-height-default elementor-section-height-default\" data-id=\"cc42592\" data-element_type=\"section\">\n\t\t\t\t\t\t<div class=\"elementor-container elementor-column-gap-default\">\n\t\t\t\t\t<div class=\"elementor-column elementor-col-100 elementor-top-column elementor-element elementor-element-b9b0593\" data-id=\"b9b0593\" data-element_type=\"column\">\n\t\t\t<div class=\"elementor-widget-wrap elementor-element-populated\">\n\t\t\t\t\t\t<div class=\"elementor-element elementor-element-7b6c00b elementor-widget elementor-widget-text-editor\" data-id=\"7b6c00b\" data-element_type=\"widget\" data-widget_type=\"text-editor.default\">\n\t\t\t\t<div class=\"elementor-widget-container\">\n\t\t\t\t\t\t\t\t\t<h1>Allgemeine Gesch\u00e4ftsbedingungen der Activ Apotheke Tribuswinkel<\/h1><h3><strong>Geltungsbereich, Vertragspartner<\/strong><\/h3><p>Die nachstehenden Allgemeinen Gesch\u00e4ftsbedingungen (im Folgenden: &#8222;AGB&#8220;) gelten f\u00fcr alle zwischen dem Kunde\/In und der Activ Apotheke Tribuswinkel, Pfarrrgasse 11 in 2512 Tribuswinkel, Firmenbuchnummer FN 309284w (im Folgenden: &#8222;Apotheke&#8220;) abgeschlossenen Vertr\u00e4ge, Lieferungen und sonstigen Leistungen.<\/p><p>Kunde\/In im Sinne dieser AGB sind Verbraucher im Sinne des \u00a71 KSchG, nicht aber Unternehmen bzw. Unternehmer, die bei Abschluss eines Rechtsgesch\u00e4fts in Aus\u00fcbung ihrer gewerblichen oder selbst\u00e4ndigen beruflichen T\u00e4tigkeit handeln. Entgegenstehende oder abweichende AGB von Kunde\/In werden von der Apotheke nicht anerkannt.<\/p><p>Der Kunde\/In erkennt die nachstehenden Bedingungen durch Best\u00e4tigung per Mausklick bei der Bestellung an. Die Apotheke beh\u00e4lt sich \u00c4nderungen der AGB vor. Es gilt die jeweils die zum Zeitpunkt der Bestellung g\u00fcltige Fassung der AGB.<\/p><p>Die Vertragssprache ist die geltende Amtssprache, Deutsch.<\/p><h3>Vertragsabschluss<\/h3><p>Angebote der Apotheke, insbesondere Produktpr\u00e4sentationen auf der Website der Apotheke, k\u00f6nnen von der tats\u00e4chlichen Produktpackung abweichen, sind freibleibend und erfolgen unter dem Vorbehalt der richtigen und rechtzeitigen Selbstbelieferung durch die Zulieferer der Apotheke. Dies gilt nur f\u00fcr den Fall, dass die Nichtlieferung nicht von der Apotheke zu vertreten ist, insbesondere bei Abschluss eines kongruenten Deckungsgesch\u00e4ftes mit dem Zulieferer. Der Besteller wird \u00fcber die Nichtverf\u00fcgbarkeit der Leistung unverz\u00fcglich informiert. Die Gegenleistung wird unverz\u00fcglich zur\u00fcckerstattet.<\/p><p>Angebote der Apotheke stellen eine Aufforderung an den Besteller dar, ein Angebot im Rechtssinne abzugeben. Die Bestellung erfolgt durch \u00dcbermittlung des vollst\u00e4ndig ausgef\u00fcllten Bestellformulars im Online-Verfahren. Die Annahme von Bestellungen erfolgt durch eine Auftragsbest\u00e4tigung (E-Mail) oder sp\u00e4testens mit der \u00dcbergabe der Waren.<\/p><p>Angaben gleich welcher Art, insbesondere Beschreibungen, Abbildungen, Zeichnungen, Muster, Qualit\u00e4ts-, Beschaffenheits-, Zusammensetzungs-, Leistungs-, Verbrauchs- und Verwendbarkeitsangaben sowie Ma\u00dfe und Gewichte der Vertragswaren sind freibleibend, sofern sie nicht ausdr\u00fccklich als verbindlich bezeichnet sind. Sie stellen keine Zusicherung oder Garantie, welcher Art auch immer, dar.<\/p><p>Die Versendung von Waren kann abgelehnt werden, wenn zur sicheren Anwendung dieser Ware ein Informations- oder Beratungsbedarf besteht, der auf einem anderen Wege als einer pers\u00f6nlichen Information oder Beratung durch einen Apotheker nicht erfolgen kann. Der Versand kann weiterhin bei begr\u00fcndetem Verdacht auf Missbrauch verweigert werden.<\/p><p>Sofern die Belieferung des Kunde\/In mit den bestellten Waren nicht m\u00f6glich ist, benachrichtigt die Apotheke umgehend den Kunde\/In.<\/p><p>Der Kunde\/In hat das Recht auf eine gem\u00e4\u00df \u00a76b KSchG, BGBl. Nr.140\/1979, in der jeweils geltenden Fassung, entgeltfreie telefonische Beratung durch die Apotheke. Die Beratungszeiten sind w\u00e4hrend der \u00d6ffnungszeiten, diese sind auf der Homepage <a href=\"http:\/\/www.activ-apotheke.at\/\">www.activ-apotheke.at<\/a> ersichtlich.<\/p><h3>Preise, Versand und \u2013kosten, Zahlungsm\u00f6glichkeiten<\/h3><p>Es gelten die Preise und Konditionen, die zum Zeitpunkt der Bestellung im Webshop benannt waren. Ein r\u00fcckwirkender Anspruch auf Gew\u00e4hrung eines eventuell abweichenden Preises oder abweichender Konditionen aus einer anderen Quelle bestehen nicht, die Preisgefahr geht mit Absendung der Ware (\u00dcbergabe an die Zustell-\/Transporteinrichtung) an den Kunde\/In \u00fcber.<\/p><p>Alle angegeben Preise lauten in \u20ac (Euro) und sind Endpreise inklusive der gesetzlich vorgeschriebenen USt. (Umsatzsteuer)ohne Kosten f\u00fcr Verpackung und Versand.<\/p><p>F\u00fcr Verpackung und Versand werden die folgenden Kosten gesondert berechnet:<br \/>Die Zustellung der bestellten Waren erfolgt entweder durch die Apotheke oder durch professionelle Logistik Unternehmen (Post oder ein von der Apotheke ausgesuchter Botendienst). Der Kunde\/In kann bei der Bestellung zwischen Zustellung oder Selbstabholung in der Apotheke w\u00e4hlen. Die Zustellung erfolgt \u00fcblicherweise binnen 2-3 Werktagen. Indem der Kunde\/In w\u00e4hrend des Bestellvorgangs durch Mausklick ausw\u00e4hlt ob Selbstabholung oder Zustellung gew\u00fcnscht ist, wird er im Bestellvorgang \u00fcber die zu zahlenden Kosten informiert; diese sind sodann auch in der Bestellbest\u00e4tigung bzw. Auftragsbest\u00e4tigung bzw. Lieferschein\/Rechnung gesondert ausgewiesen. Es gibt keinen Mindestbestellwert.<\/p><p>Wir liefern nicht an Packstationen.<\/p><p>Der Besteller kann bei Bestellungen den Kaufpreis \u00fcber den Zahlungssystemanbieter Viveum per eps oder Kreditkarte (Mastercard, Visa) erlegen. Die Apotheke beh\u00e4lt sich vor, im Einzelfall bestimmte Zahlungsweisen nicht anzubieten.<\/p><p>Der Kaufpreis im Regelfall gleichzeitig mit dem Abschicken der Bestellung abgebucht.<\/p><p><strong>Weitere Informationen zu den AGBs des Zahlungssystemanbieters Viveum (eps, Mastercard, Visa) finden Sie hier:<\/strong><br \/><a href=\"http:\/\/www.viveum.com\/ueber-viveum\/agb\/\" target=\"_blank\" rel=\"noreferrer noopener\">http:\/\/www.viveum.com\/ueber-viveum\/agb\/<\/a><\/p><p>Der Kaufpreis ist unmittelbar mit Vertragsabschluss f\u00e4llig; eine Ausnahme stellt die Selbstabholung dar.<\/p><p>Im Falle des Zahlungsverzuges gelten die gesetzlichen Verzugsregelungen.<\/p><h3>Eigentumsvorbehalt<\/h3><p>Die Apotheke beh\u00e4lt sich das Eigentum an der Ware vor, bis der Kunde\/In den Kaufpreis f\u00fcr die Ware inklusive allf\u00e4lliger Versandspesen vollst\u00e4ndig bezahlt hat.<\/p><h3>Transportsch\u00e4den<\/h3><p>Werden Waren mit offensichtlichen Transportsch\u00e4den angeliefert, so reklamieren Sie solche Fehler bitte m\u00f6glichst sofort beim Zusteller und nehmen Sie bitte unverz\u00fcglich Kontakt zu uns auf. Die Vers\u00e4umung einer Reklamation oder Kontaktaufnahme hat f\u00fcr Ihre gesetzlichen Anspr\u00fcche und deren Durchsetzung, insbesondere Ihre Gew\u00e4hrleistungsrechte, keinerlei Konsequenzen. Sie helfen uns aber, unsere eigenen Anspr\u00fcche gegen\u00fcber dem Frachtf\u00fchrer bzw. der Transportversicherung geltend machen zu k\u00f6nnen.<\/p><h3>R\u00fccktrittsrecht<\/h3><p>Bei Versendung von Waren steht dem Kunde\/In als Verbraucher innerhalb einer Frist von 14 Tagen das Recht zu, vom Vertrag zur\u00fcckzutreten. Die Frist beginnt mit dem Tag des Eingangs der Waren beim Kunde\/In. Um Ihr Widerrufsrecht auszu\u00fcben, m\u00fcssen Sie uns mittels einer eindeutigen R\u00fccktrittserkl\u00e4rung nachweislich schriftlich (Brief, Fax, Mail) benachrichtigen.<\/p><p>Dieses R\u00fccktrittsrecht steht jedoch nur dann zu, wenn die gelieferte Ware nicht ge\u00f6ffnet wurde, im Originalzustand ist, wenn weder eine Verschmutzung noch eine Besch\u00e4digung der Ware durch den Kunde\/In stattgefunden hat und die Ware sachgem\u00e4\u00df aufbewahrt wurde.<\/p><p>Bei Waren, die eigens nach Spezifikationen des Kunde\/In angefertigt wurden oder die auf die pers\u00f6nlichen Bed\u00fcrfnisse des Kunde\/In zugeschnitten sind, steht dem Kunde\/In kein R\u00fccktrittsrecht zu.<\/p><p>Die Kosten f\u00fcr die R\u00fccksendung hat der Kunde\/In allein und in voller H\u00f6he zu tragen.<\/p><p>Der Kunde\/In hat sich der verkehrs\u00fcblichen Versendungsarten zu bedienen und tr\u00e4gt die Preisgefahr bis zum Einlangen der Ware in der Apotheke.<\/p><p>Der Kaufpreis der bezahlten Ware wird nach Angabe einer Kontoverbindung r\u00fcckerstattet.<\/p><h3>Gew\u00e4hrleistung<\/h3><p>Gegen\u00fcber Verbrauchern im Sinne des \u00a71 KSchG gilt die gesetzliche Gew\u00e4hrleistungsfrist.<\/p><p>Besteht infolge eines Mangels ein Recht auf Gew\u00e4hrleistung verpflichtet sich die Apotheke aufgrund der Art der Sache zun\u00e4chst auf den Austausch der Ware. Sollte der Austausch der Sache aufgrund von Tatsachen, die Apotheke zu vertreten hat, fehlschlagen, ist der Kunde\/In berechtigt, eine Kaufpreisminderung zu verlangen oder vom Vertrag zur\u00fcckzutreten.<\/p><p>M\u00e4ngel m\u00fcssen unverz\u00fcglich nach dem Erhalt der Ware, sp\u00e4testens jedoch nach sieben Werktagen nach Feststellung des Mangels schriftlich gegen\u00fcber der Apotheke angezeigt werden. Die Frist ist gewahrt, wenn der Kunde\/In die Anzeige innerhalb der Frist an uns absendet.<\/p><p>Bei Inanspruchnahme der Gew\u00e4hrleistung ist die zu reklamierende Sache ausreichend frankiert zur\u00fcckzusenden. Unfreie R\u00fccksendungen k\u00f6nnen nicht angenommen werden.<\/p><p>Zur eindeutigen Identifizierung, Zuordnung und Abwicklung der Nachlieferung ist eine Kopie der Rechnung bzw. ein Schreiben mit Angabe der Kunde\/In- und Rechnungsnummer beizulegen.<\/p><h3>Haftungshinweise<\/h3><p>Die auf der Webseite der Apotheke und seines angeschlossenen Shops enthaltenen Informationen und Angaben dienen dem Kunde\/In allein zur allgemeinen Information und k\u00f6nnen von den Angaben in der Gebrauchsinformation abweichen. Diese Informationen und Angaben ersetzen auf keinen Fall die Informationsaufnahme durch die Gebrauchsinformation oder das pers\u00f6nliche Gespr\u00e4ch mit der Apotheke. F\u00fcr Richtigkeit, Vollst\u00e4ndigkeit und Aktualit\u00e4t wird keine Gew\u00e4hrleistung \u00fcbernommen.<\/p><p>Die Haftung f\u00fcr Sch\u00e4den irgendeiner Art, die sich direkt oder indirekt aus dem Gebrauch der vorgestellten Anwendungen\/Produkte ergeben wird ausgeschlossen, wenn die Schadensursache nicht auf Vorsatz oder grober Fahrl\u00e4ssigkeit beruht.<\/p><p>Die Apotheke haftet nicht f\u00fcr den Inhalt externer Webseiten, auf die verwiesen wird.<\/p><p>Inhalt und Struktur der Internetseiten der Apotheke und des Webshops sind urheberrechtlich gesch\u00fctzt. Die Vervielf\u00e4ltigung von Informationen oder Daten, insbesondere die Verwendung von Texten, Textteilen oder Bildmaterial, ist ohne ausdr\u00fcckliche, schriftliche Zustimmung der Apotheke nicht gestattet.<\/p><h3>Datenschutz<\/h3><p>Die Apotheke verwendet die personenbezogenen Daten des Kunde\/In zur Abwicklung des Kaufvertrages. Die gesamte Datenschutzerkl\u00e4rung gem\u00e4\u00df Artikel 13 und Artikel 15 DSGVO finden Sie auf der Homepage der Apotheke: <a href=\"https:\/\/www.activ-apotheke.at\/?page_id=390\">www.activ-apotheke.at\/datenschutzerklaerung<\/a>.<\/p><h3>Erf\u00fcllungsort, Gerichtsstand<\/h3><p>Als Erf\u00fcllungsort und Gerichtsstand wird \u2013 soweit gesetzlich zul\u00e4ssig \u2013 der Sitz der Apotheke vereinbart. Es gilt \u00f6sterreichisches Recht. Die Geltung des \u00dcbereinkommens der Vereinten Nationen betreffend Vertr\u00e4ge \u00fcber den Internationalen Warenkauf vom 11.04.1998 ist ausgeschlossen.<\/p><h3>Streitbeilegung<\/h3><p>Die Europ\u00e4ische Kommission stellt eine Plattform zur Online-Streitbeilegung (OS) bereit, die Sie hier finden<a href=\"https:\/\/ec.europa.eu\/consumers\/odr\/\">https:\/\/ec.europa.eu\/consumers\/odr\/<\/a>.<\/p><p>Zur Teilnahme an einem Streitbeilegungsverfahren vor einer Verbraucherschlichtungsstelle sind wir nicht verpflichtet.<\/p><h3>Salvatorische Klausel<\/h3><p>Sollten einzelne Bestimmungen dieser Gesch\u00e4ftsbedingungen oder des mit dem Besteller geschlossenen Vertrages ganz oder teilweise unwirksam sein oder werden, so l\u00e4sst dies die Wirksamkeit der \u00fcbrigen Bestimmungen der Gesch\u00e4ftsbedingungen und des Vertrages unber\u00fchrt.<\/p><p>An Stelle der unwirksamen Bestimmung tritt diejenige wirksame Vereinbarung, welche die Vertragsparteien bei Kenntnis des Mangels zum Zeitpunkt des Vertragsabschlusses vereinbart h\u00e4tten, um den gleichen Erfolg zu erzielen.<\/p>\t\t\t\t\t\t\t\t<\/div>\n\t\t\t\t<\/div>\n\t\t\t\t\t<\/div>\n\t\t<\/div>\n\t\t\t\t\t<\/div>\n\t\t<\/section>\n\t\t\t\t<\/div>\n\t\t","protected":false},"excerpt":{"rendered":"<p>[ AGB ] Allgemeine Gesch\u00e4ftsbedingungen der Activ Apotheke Tribuswinkel Geltungsbereich, Vertragspartner Die nachstehenden Allgemeinen Gesch\u00e4ftsbedingungen (im Folgenden: &#8222;AGB&#8220;) gelten f\u00fcr alle zwischen dem Kunde\/In und der Activ Apotheke Tribuswinkel, Pfarrrgasse 11 in 2512 Tribuswinkel, Firmenbuchnummer FN 309284w (im Folgenden: &#8222;Apotheke&#8220;) abgeschlossenen Vertr\u00e4ge, Lieferungen und sonstigen Leistungen. Kunde\/In im Sinne dieser AGB sind Verbraucher im Sinne [&hellip;]<\/p>\n","protected":false},"author":1,"featured_media":0,"parent":0,"menu_order":0,"comment_status":"closed","ping_status":"closed","template":"","meta":{"ocean_post_layout":"full-screen","ocean_both_sidebars_style":"","ocean_both_sidebars_content_width":0,"ocean_both_sidebars_sidebars_width":0,"ocean_sidebar":"0","ocean_second_sidebar":"0","ocean_disable_margins":"enable","ocean_add_body_class":"","ocean_shortcode_before_top_bar":"","ocean_shortcode_after_top_bar":"","ocean_shortcode_before_header":"","ocean_shortcode_after_header":"","ocean_has_shortcode":"","ocean_shortcode_after_title":"","ocean_shortcode_before_footer_widgets":"","ocean_shortcode_after_footer_widgets":"","ocean_shortcode_before_footer_bottom":"","ocean_shortcode_after_footer_bottom":"","ocean_display_top_bar":"off","ocean_display_header":"default","ocean_header_style":"","ocean_center_header_left_menu":"0","ocean_custom_header_template":"0","ocean_custom_logo":0,"ocean_custom_retina_logo":0,"ocean_custom_logo_max_width":0,"ocean_custom_logo_tablet_max_width":0,"ocean_custom_logo_mobile_max_width":0,"ocean_custom_logo_max_height":0,"ocean_custom_logo_tablet_max_height":0,"ocean_custom_logo_mobile_max_height":0,"ocean_header_custom_menu":"0","ocean_menu_typo_font_family":"0","ocean_menu_typo_font_subset":"","ocean_menu_typo_font_size":0,"ocean_menu_typo_font_size_tablet":0,"ocean_menu_typo_font_size_mobile":0,"ocean_menu_typo_font_size_unit":"px","ocean_menu_typo_font_weight":"","ocean_menu_typo_font_weight_tablet":"","ocean_menu_typo_font_weight_mobile":"","ocean_menu_typo_transform":"","ocean_menu_typo_transform_tablet":"","ocean_menu_typo_transform_mobile":"","ocean_menu_typo_line_height":0,"ocean_menu_typo_line_height_tablet":0,"ocean_menu_typo_line_height_mobile":0,"ocean_menu_typo_line_height_unit":"","ocean_menu_typo_spacing":0,"ocean_menu_typo_spacing_tablet":0,"ocean_menu_typo_spacing_mobile":0,"ocean_menu_typo_spacing_unit":"","ocean_menu_link_color":"","ocean_menu_link_color_hover":"","ocean_menu_link_color_active":"","ocean_menu_link_background":"","ocean_menu_link_hover_background":"","ocean_menu_link_active_background":"","ocean_menu_social_links_bg":"","ocean_menu_social_hover_links_bg":"","ocean_menu_social_links_color":"","ocean_menu_social_hover_links_color":"","ocean_disable_title":"on","ocean_disable_heading":"default","ocean_post_title":"","ocean_post_subheading":"","ocean_post_title_style":"","ocean_post_title_background_color":"","ocean_post_title_background":0,"ocean_post_title_bg_image_position":"","ocean_post_title_bg_image_attachment":"","ocean_post_title_bg_image_repeat":"","ocean_post_title_bg_image_size":"","ocean_post_title_height":0,"ocean_post_title_bg_overlay":0.5,"ocean_post_title_bg_overlay_color":"","ocean_disable_breadcrumbs":"default","ocean_breadcrumbs_color":"","ocean_breadcrumbs_separator_color":"","ocean_breadcrumbs_links_color":"","ocean_breadcrumbs_links_hover_color":"","ocean_display_footer_widgets":"default","ocean_display_footer_bottom":"default","ocean_custom_footer_template":"0","footnotes":""},"class_list":["post-392","page","type-page","status-publish","hentry","entry"],"_links":{"self":[{"href":"https:\/\/www.activ-apotheke.at\/index.php?rest_route=\/wp\/v2\/pages\/392","targetHints":{"allow":["GET"]}}],"collection":[{"href":"https:\/\/www.activ-apotheke.at\/index.php?rest_route=\/wp\/v2\/pages"}],"about":[{"href":"https:\/\/www.activ-apotheke.at\/index.php?rest_route=\/wp\/v2\/types\/page"}],"author":[{"embeddable":true,"href":"https:\/\/www.activ-apotheke.at\/index.php?rest_route=\/wp\/v2\/users\/1"}],"replies":[{"embeddable":true,"href":"https:\/\/www.activ-apotheke.at\/index.php?rest_route=%2Fwp%2Fv2%2Fcomments&post=392"}],"version-history":[{"count":40,"href":"https:\/\/www.activ-apotheke.at\/index.php?rest_route=\/wp\/v2\/pages\/392\/revisions"}],"predecessor-version":[{"id":3475,"href":"https:\/\/www.activ-apotheke.at\/index.php?rest_route=\/wp\/v2\/pages\/392\/revisions\/3475"}],"wp:attachment":[{"href":"https:\/\/www.activ-apotheke.at\/index.php?rest_route=%2Fwp%2Fv2%2Fmedia&parent=392"}],"curies":[{"name":"wp","href":"https:\/\/api.w.org\/{rel}","templated":true}]}}